{"id":33,"date":"2021-01-28T20:50:28","date_gmt":"2021-01-28T20:50:28","guid":{"rendered":"https:\/\/blackforestnerd.de\/?page_id=33"},"modified":"2021-04-07T05:53:31","modified_gmt":"2021-04-07T05:53:31","slug":"ueber-uns","status":"publish","type":"page","link":"https:\/\/blackforestnerd.de\/?page_id=33","title":{"rendered":"\u00dcber uns"},"content":{"rendered":"\n<p class=\"wp-block-paragraph\">Ein Technerd, ambitionierter Hobbykoch und Hobbyfotograf, ein Exportprofi, Genie\u00dfer und Strickliesel sowie eine Pitbulldame aus dem Tierschutz<br>Willkommen in unserer Welt des DIY, Testens und Genie\u00dfens.<\/p>\n\n\n\n<p class=\"wp-block-paragraph\"><strong>Noch etwas in eigener Sache:\u00a0<\/strong><\/p>\n\n\n\n<p class=\"wp-block-paragraph\">solange es keine einheitliche und brauchbare Version des &#8222;Genderdeutsch&#8220; gibt, die auch vom Duden \u00fcbernommen wurde, werden wir von solcherlei Sprachexperimenten Abstand nehmen! Sprache muss wachsen, und nicht von oben reguliert werden (man nehme nur die verschiedensten Rechtschreibreformen) &#8211; entsprechende Kommentare werden gel\u00f6scht! Wir sind f\u00fcr jede Form der konstruktiven Kritik oder Vorschl\u00e4gen f\u00fcr Produkttests offen, dieser Punkt allerdings ist f\u00fcr uns NICHT diskutabel!<\/p>\n","protected":false},"excerpt":{"rendered":"<p>Ein Technerd, ambitionierter Hobbykoch und Hobbyfotograf, ein Exportprofi, Genie\u00dfer und Strickliesel sowie eine Pitbulldame aus dem TierschutzWillkommen in unserer Welt des DIY, Testens und Genie\u00dfens. Noch etwas in eigener Sache:\u00a0 solange es keine einheitliche und brauchbare Version des &#8222;Genderdeutsch&#8220; gibt, die auch vom Duden \u00fcbernommen wurde, werden wir von solcherlei Sprachexperimenten Abstand nehmen! Sprache muss &hellip; <\/p>\n<p class=\"link-more\"><a href=\"https:\/\/blackforestnerd.de\/?page_id=33\" class=\"more-link\"><span class=\"screen-reader-text\">\u201e\u00dcber uns\u201c<\/span> weiterlesen<\/a><\/p>\n","protected":false},"author":1,"featured_media":0,"parent":0,"menu_order":0,"comment_status":"closed","ping_status":"closed","template":"","meta":{"_crdt_document":"","ngg_post_thumbnail":0,"footnotes":""},"class_list":["post-33","page","type-page","status-publish","hentry"],"_links":{"self":[{"href":"https:\/\/blackforestnerd.de\/index.php?rest_route=\/wp\/v2\/pages\/33","targetHints":{"allow":["GET"]}}],"collection":[{"href":"https:\/\/blackforestnerd.de\/index.php?rest_route=\/wp\/v2\/pages"}],"about":[{"href":"https:\/\/blackforestnerd.de\/index.php?rest_route=\/wp\/v2\/types\/page"}],"author":[{"embeddable":true,"href":"https:\/\/blackforestnerd.de\/index.php?rest_route=\/wp\/v2\/users\/1"}],"replies":[{"embeddable":true,"href":"https:\/\/blackforestnerd.de\/index.php?rest_route=%2Fwp%2Fv2%2Fcomments&post=33"}],"version-history":[{"count":3,"href":"https:\/\/blackforestnerd.de\/index.php?rest_route=\/wp\/v2\/pages\/33\/revisions"}],"predecessor-version":[{"id":188,"href":"https:\/\/blackforestnerd.de\/index.php?rest_route=\/wp\/v2\/pages\/33\/revisions\/188"}],"wp:attachment":[{"href":"https:\/\/blackforestnerd.de\/index.php?rest_route=%2Fwp%2Fv2%2Fmedia&parent=33"}],"curies":[{"name":"wp","href":"https:\/\/api.w.org\/{rel}","templated":true}]}}